ds digit of 3744786?
4
What is the tens digit of 56606?
0
What is the thousands digit of 1057963?
7
What is the tens digit of 160065?
6
What is the hundred thousands digit of 341349?
3
What is the ten thousands digit of 147074?
4
What is the ten thousands digit of 74868?
7
What is the hundreds digit of 3446886?
8
What is the ten thousands digit of 227358?
2
What is the ten thousands digit of 345598?
4
What is the tens digit of 6264655?
5
What is the tens digit of 16407038?
3
What is the units digit of 695166?
6
What is the tens digit of 15396?
9
What is the tens digit of 170311?
1
What is the tens digit of 133649?
4
What is the tens digit of 1463251?
5
What is the hundreds digit of 23946381?
3
What is the tens digit of 311472?
7
What is the hundreds digit of 5795328?
3
What is the hundreds digit of 373582?
5
What is the tens digit of 762224?
2
What is the hundreds digit of 9567105?
1
What is the ten thousands digit of 1142118?
4
What is the thousands digit of 4050?
4
What is the units digit of 1006487?
7
What is the hundred thousands digit of 530088?
5
What is the ten thousands digit of 622590?
2
What is the hundreds digit of 1163638?
6
What is the millions digit of 24627996?
4
What is the hundred thousands digit of 1968552?
9
What is the hundred thousands digit of 456102?
4
What is the tens digit of 746496?
9
What is the millions digit of 10432267?
0
What is the hundreds digit of 399210?
2
What is the hundred thousands digit of 265260?
2
What is the hundreds digit of 6635421?
4
What is the units digit of 6520?
0
What is the hundred thousands digit of 1443036?
4
What is the thousands digit of 7245126?
5
What is the hundreds digit of 1030864?
8
What is the ten thousands digit of 432209?
3
What is the units digit of 273672?
2
What is the tens digit of 629924?
2
What is the ten millions digit of 42408083?
4
What is the millions digit of 1155768?
1
What is the ten thousands digit of 272720?
7
What is the tens digit of 236256?
5
What is the tens digit of 119342?
4
What is the tens digit of 153488?
8
What is the ten thousands digit of 1173869?
7
What is the hundred thousands digit of 454827?
4
What is the tens digit of 36203645?
4
What is the ten thousands digit of 2167586?
6
What is the hundred thousands digit of 108927?
1
What is the tens digit of 8869486?
8
What is the ten thousands digit of 13741648?
4
What is the thousands digit of 2863354?
3
What is the hundreds digit of 85945?
9
What is the hundred thousands digit of 609514?
6
What is the units digit of 6930006?
6
What is the units digit of 671144?
4
What is the units digit of 29874681?
1
What is the thousands digit of 27607554?
7
What is the tens digit of 156983?
8
What is the ten thousands digit of 6702608?
0
What is the hundreds digit of 1634720?
7
What is the tens digit of 510244?
4
What is the tens digit of 161191?
9
What is the hundred thousands digit of 2331782?
3
What is the ten thousands digit of 419710?
1
What is the ten thousands digit of 9666875?
6
What is the ten thousands digit of 305231?
0
What is the hundreds digit of 25162739?
7
What is the tens digit of 94742?
4
What is the hundred thousands digit of 5498211?
4
What is the tens digit of 23849?
4
What is the hundred thousands digit of 5884594?
8
What is the millions digit of 15529899?
5
What is the tens digit of 1714638?
3
What is the tens digit of 914949?
4
What is the thousands digit of 115374?
5
What is the thousands digit of 745453?
5
What is the thousands digit of 13215?
3
What is the tens digit of 264688?
8
What is the units digit of 95219?
9
What is the thousands digit of 249107?
9
What is the millions digit of 15033512?
5
What is the units digit of 2351?
1
What is the hundreds digit of 114939?
9
What is the units digit of 1156356?
6
What is the ten thousands digit of 1142695?
4
What is the units digit of 443672?
2
What is the tens digit of 916375?
7
What is the hundred thousands digit of 148352?
1
What is the hundred thousands digit of 203733?
2
What is the tens digit of 9145221?
2
What is the ten thousands digit of 675632?
7
What is the thousands digit of 2381337?
1
What is the thousands digit of 171228?
1
What is the hundreds digit of 1698265?
2
What is the millions digit of 1880902?
1
What is the units digit of 3144319?
9
What is the millions digit of 21658802?
1
What is the ten thousands digit of 32224104?
2
What is the thousands digit of 35342688?
2
What is the hundred thousands digit of 2221869?
2
What is the hundreds digit of 262696?
6
What is the units digit of 414541?
1
What is the hundred thousands digit of 537457?
5
What is the ten millions digit of 19446836?
1
What is the units digit of 1038499?
9
What is the ten thousands digit of 18416003?
1
What is the thousands digit of 35728196?
8
What is the units digit of 12729179?
9
What is the tens digit of 42603?
0
What is the ten thousands digit of 1959887?
5
What is the hundreds digit of 3237532?
5
What is the hundreds digit of 573071?
0
What is the ten thousands digit of 1178873?
7
What is the thousands digit of 2655638?
5
What is the tens digit of 241436?
3
What is the hundreds digit of 4604236?
2
What is the millions digit of 3369160?
3
What is the tens digit of 633751?
5
What is the ten thousands digit of 8828043?
2
What is the tens digit of 1813941?
4
What is the hundred thousands digit of 4865018?
8
What is the hundreds digit of 10228192?
1
What is the hundreds digit of 9871074?
0
What is the hundreds digit of 750774?
7
What is the tens digit of 15837445?
4
What is the hundreds digit of 61293?
2
What is the hundreds digit of 27676?
6
What is the millions digit of 8677084?
8
What is the units digit of 674441?
1
What is the tens digit of 209339?
3
What is the ten thousands digit of 174517?
7
What is the millions digit of 1192264?
1
What is the ten thousands digit of 2892990?
9
What is the ten thousands digit of 8008448?
0
What is the millions digit of 1751871?
1
What is the ten thousands digit of 333351?
3
What is the units digit of 536564?
4
What is the hundred thousands digit of 3562271?
5
What is the tens digit of 1042759?
5
What is the thousands digit of 7610092?
0
What is the thousands digit of 271468?
1
What is the ten thousands digit of 48043?
4
What is the units digit of 740884?
4
What is the thousands digit of 2355997?
5
What is the tens digit of 271551?
5
What is the hundred thousands digit of 4120669?
1
What is the ten thousands digit of 81498?
8
What is the tens digit of 484584?
8
What is the ten thousands digit of 5041293?
4
What is the hundreds digit of 277190?
1
What is the hundreds digit of 11883578?
5
What is the units digit of 3854915?
5
What is the thousands digit of 7570821?
0
What is the hundred thousands digit of 1563000?
5
What is the units digit of 289755?
5
What is the ten thousands digit of 973664?
7
What is the hundreds digit of 752287?
2
What is the units digit of 180258?
8
What is the hundreds digit of 8869640?
6
What is the millions digit of 1080147?
1
What is the thousands digit of 152526?
2
What is the thousands digit of 2238035?
8
What is the hundred thousands digit of 378832?
3
What is the ten thousands digit of 1897601?
9
What is the thousands digit of 475462?
5
What is the hundred thousands digit of 1407743?
4
What is the millions digit of 11430593?
1
What is the hundreds digit of 212521?
5
What is the ten millions digit of 10979897?
1
What is the tens digit of 195649?
4
What is the units digit of 1779321?
1
What is the tens digit of 3842524?
2
What is the ten thousands digit of 217017?
1
What is the hundreds digit of 9185767?
7
What is the thousands digit of 5548893?
8
What is the units digit of 335213?
3
What is the ten thousands digit of 2112952?
1
What is the millions digit of 4474535?
4
What is the millions digit of 31482404?
1
What is the hundreds digit of 82660?
6
What is the tens digit of 835061?
6
What is the hundred thousands digit of 9711623?
7
What is the tens digit of 5918052?
5
What is the thousands digit of 374477?
4
What is the thousands digit of 1025740?
5
What is the hundred thousands digit of 490105?
4
What is the tens digit of 4702341?
4
What is the tens digit of 197971?
7
What is the ten thousands digit of 17803091?
0
What is the ten thousands digit of 253998?
5
What is the hundreds digit of 2177